What is the tens digit of 6857308864?
6
What is the hundreds digit of 335314709?
7
What is the units digit of 96057301?
1
What is the ten millions digit of 39108687?
3
What is the tens digit of 1408915?
1
What is the hundred millions digit of 606124826?
6
What is the ten thousands digit of 44803320?
0
What is the ten thousands digit of 3351117771?
1
What is the millions digit of 46604812?
6
What is the hundreds digit of 55902273?
2
What is the ten millions digit of 3330341602?
3
What is the ten millions digit of 3126273159?
2
What is the ten thousands digit of 619970135?
7
What is the tens digit of 69566681?
8
What is the tens digit of 343139930?
3
What is the ten thousands digit of 476911890?
1
What is the hundreds digit of 1555371656?
6
What is the units digit of 38198497?
7
What is the millions digit of 73308786?
3
What is the tens digit of 25914781?
8
What is the billions digit of 2155361540?
2
What is the tens digit of 160352446?
4
What is the thousands digit of 169349456?
9
What is the tens digit of 32092226?
2
What is the hundred thousands digit of 123946367?
9
What is the thousands digit of 287917349?
7
What is the millions digit of 1242982965?
2
What is the millions digit of 39614502?
9
What is the millions digit of 1354140047?
4
What is the units digit of 870910416?
6
What is the hundred thousands digit of 162425621?
4
What is the units digit of 26884378?
8
What is the thousands digit of 904317952?
7
What is the hundreds digit of 1829856655?
6
What is the hundreds digit of 28059337?
3
What is the ten millions digit of 6433647592?
3
What is the millions digit of 327895471?
7
What is the ten millions digit of 773480611?
7
What is the millions digit of 266794990?
6
What is the ten thousands digit of 149510041?
1
What is the thousands digit of 8027683?
7
What is the ten millions digit of 538731697?
3
What is the hundred thousands digit of 619831643?
8
What is the tens digit of 98237670?
7
What is the hundred thousands digit of 28414676?
4
What is the millions digit of 9842015?
9
What is the thousands digit of 76037105?
7
What is the hundred thousands digit of 455398188?
3
What is the ten thousands digit of 772534100?
3
What is the millions digit of 428793208?
8
What is the tens digit of 151792125?
2
What is the hundreds digit of 1910945860?
8
What is the hundred millions digit of 1281844213?
2
What is the hundred thousands digit of 53095450?
0
What is the units digit of 37598630?
0
What is the hundreds digit of 23412933?
9
What is the thousands digit of 1267562121?
2
What is the hundred thousands digit of 374445363?
4
What is the tens digit of 36876302?
0
What is the tens digit of 795090631?
3
What is the tens digit of 215883256?
5
What is the thousands digit of 1304097317?
7
What is the hundred thousands digit of 339404909?
4
What is the ten thousands digit of 234769058?
6
What is the hundred thousands digit of 516907150?
9
What is the ten millions digit of 536954464?
3
What is the ten millions digit of 607815091?
0
What is the hundred thousands digit of 107033237?
0
What is the ten thousands digit of 2874333088?
3
What is the thousands digit of 190747405?
7
What is the ten millions digit of 500231538?
0
What is the millions digit of 31550730?
1
What is the hundred millions digit of 5926612635?
9
What is the hundred millions digit of 1211700095?
2
What is the ten millions digit of 1780502666?
8
What is the billions digit of 2345776918?
2
What is the units digit of 367160156?
6
What is the hundred millions digit of 3813337912?
8
What is the hundred thousands digit of 868255800?
2
What is the hundred thousands digit of 1927674595?
6
What is the units digit of 36442935?
5
What is the hundred thousands digit of 100793335?
7
What is the ten millions digit of 278447587?
7
What is the ten thousands digit of 551146455?
4
What is the hundred thousands digit of 76121234?
1
What is the hundred thousands digit of 1134691999?
6
What is the billions digit of 1122828741?
1
What is the billions digit of 9451055252?
9
What is the hundred thousands digit of 87336726?
3
What is the thousands digit of 1103848559?
8
What is the hundred thousands digit of 267878324?
8
What is the thousands digit of 733120635?
0
What is the hundred thousands digit of 1900722052?
7
What is the billions digit of 2032469036?
2
What is the ten thousands digit of 5316431845?
3
What is the hundreds digit of 18473439?
4
What is the hundreds digit of 499019698?
6
What is the thousands digit of 22316994?
6
What is the thousands digit of 35916886?
6
What is the tens digit of 38687430?
3
What is the thousands digit of 202094477?
4
What is the ten millions digit of 36041183?
3
What is the units digit of 1172408735?
5
What is the millions digit of 18585135?
8
What is the billions digit of 4515451056?
4
What is the ten thousands digit of 1026064372?
6
What is the hundred millions digit of 322163633?
3
What is the units digit of 468408009?
9
What is the units digit of 2802685814?
4
What is the millions digit of 124959339?
4
What is the tens digit of 5928771079?
7
What is the billions digit of 1663625214?
1
What is the thousands digit of 77752024?
2
What is the tens digit of 5174880?
8
What is the ten millions digit of 61643985?
6
What is the hundred thousands digit of 134458389?
4
What is the ten thousands digit of 208822741?
2
What is the hundred millions digit of 409863755?
4
What is the millions digit of 140474788?
0
What is the hundreds digit of 176383833?
8
What is the hundred millions digit of 390519721?
3
What is the units digit of 71154625?
5
What is the hundred millions digit of 7049700567?
0
What is the hundred thousands digit of 217387119?
3
What is the hundreds digit of 74208961?
9
What is the ten thousands digit of 2999351232?
5
What is the ten millions digit of 46868010?
4
What is the thousands digit of 3052909319?
9
What is the hundred thousands digit of 42004863?
0
What is the hundred thousands digit of 23411510?
4
What is the ten millions digit of 199048962?
9
What is the hundred thousands digit of 3894111775?
1
What is the thousands digit of 30885657?
5
What is the hundreds digit of 552238603?
6
What is the thousands digit of 2348990112?
0
What is the units digit of 667183483?
3
What is the thousands digit of 859287137?
7
What is the hundreds digit of 1433030683?
6
What is the hundred millions digit of 1827139253?
8
What is the ten thousands digit of 78946240?
4
What is the hundred millions digit of 3532625351?
5
What is the units digit of 47013864?
4
What is the hundred thousands digit of 85045735?
0
What is the ten millions digit of 103961177?
0
What is the thousands digit of 93525094?
5
What is the thousands digit of 43791121?
1
What is the hundred thousands digit of 1205372757?
3
What is the hundreds digit of 3628426962?
9
What is the thousands digit of 15088527?
8
What is the tens digit of 68146535?
3
What is the hundreds digit of 456847847?
8
What is the ten thousands digit of 207996595?
9
What is the hundred thousands digit of 740885367?
8
What is the hundred thousands digit of 2235597431?
5
What is the ten millions digit of 79533834?
7
What is the hundreds digit of 22739608?
6
What is the hundred thousands digit of 1193081151?
0
What is the thousands digit of 10944545?
4
What is the hundreds digit of 746242811?
8
What is the tens digit of 1115507618?
1
What is the hundred thousands digit of 9244246753?
2
What is the ten thousands digit of 880119144?
1
What is the thousands digit of 2203024056?
4
What is the ten thousands digit of 1029273827?
7
What is the units digit of 240657973?
3
What is the ten thousands digit of 324537948?
3
What is the tens digit of 158497675?
7
What is the tens digit of 193554445?
4
What is the hundred millions digit of 253971528?
2
What is the billions digit of 2865893514?
2
What is the ten thousands digit of 22211081?
1
What is the hundreds digit of 46155690?
6
What is the billions digit of 1945090607?
1
What is the thousands digit of 42676749?
6
What is the ten millions digit of 21335680?
2
What is the hundred thousands digit of 54302571?
3
What is the tens digit of 1601190877?
7
What is the thousands digit of 159018891?
8
What is the hundreds digit of 40824344?
3
What is the thousands digit of 188855433?
5
What is the units digit of